 ten thousands digit of 1834157?
3
What is the units digit of 15916647?
7
What is the thousands digit of 14002?
4
What is the hundreds digit of 262978?
9
What is the units digit of 1636087?
7
What is the ten thousands digit of 3593240?
9
What is the ten thousands digit of 97203?
9
What is the units digit of 1104477?
7
What is the units digit of 2457894?
4
What is the thousands digit of 3830965?
0
What is the millions digit of 12372094?
2
What is the tens digit of 351678?
7
What is the hundred thousands digit of 5290887?
2
What is the hundred thousands digit of 2420201?
4
What is the millions digit of 6393343?
6
What is the units digit of 203048?
8
What is the tens digit of 158181?
8
What is the millions digit of 1185473?
1
What is the hundreds digit of 158439?
4
What is the units digit of 1345873?
3
What is the ten thousands digit of 273721?
7
What is the ten millions digit of 12567538?
1
What is the ten thousands digit of 345477?
4
What is the tens digit of 436973?
7
What is the ten thousands digit of 2321431?
2
What is the units digit of 842785?
5
What is the units digit of 1159?
9
What is the tens digit of 1175194?
9
What is the units digit of 4232952?
2
What is the hundreds digit of 150295?
2
What is the hundreds digit of 1894325?
3
What is the units digit of 606711?
1
What is the units digit of 698358?
8
What is the thousands digit of 27553972?
3
What is the millions digit of 1584406?
1
What is the thousands digit of 1425405?
5
What is the hundred thousands digit of 6845497?
8
What is the units digit of 116381?
1
What is the ten thousands digit of 421067?
2
What is the hundreds digit of 202570?
5
What is the tens digit of 6983734?
3
What is the tens digit of 689729?
2
What is the thousands digit of 189938?
9
What is the millions digit of 7556240?
7
What is the millions digit of 1157109?
1
What is the hundreds digit of 12629649?
6
What is the units digit of 1684524?
4
What is the millions digit of 2707706?
2
What is the thousands digit of 1384442?
4
What is the hundreds digit of 3193645?
6
What is the ten millions digit of 23938815?
2
What is the ten thousands digit of 606083?
0
What is the tens digit of 1248191?
9
What is the ten thousands digit of 131313?
3
What is the tens digit of 230579?
7
What is the units digit of 73974?
4
What is the tens digit of 4396699?
9
What is the units digit of 19177886?
6
What is the hundreds digit of 1625279?
2
What is the tens digit of 280521?
2
What is the hundreds digit of 164779?
7
What is the hundreds digit of 978568?
5
What is the millions digit of 14631241?
4
What is the thousands digit of 6351662?
1
What is the ten thousands digit of 859707?
5
What is the units digit of 239997?
7
What is the hundred thousands digit of 388856?
3
What is the tens digit of 86732?
3
What is the ten thousands digit of 1484245?
8
What is the hundreds digit of 18265862?
8
What is the hundreds digit of 12668221?
2
What is the hundred thousands digit of 684242?
6
What is the thousands digit of 1667906?
7
What is the ten thousands digit of 237561?
3
What is the units digit of 165426?
6
What is the thousands digit of 779188?
9
What is the ten thousands digit of 6660048?
6
What is the tens digit of 1015473?
7
What is the millions digit of 14609566?
4
What is the ten thousands digit of 197271?
9
What is the hundred thousands digit of 458647?
4
What is the hundreds digit of 5138385?
3
What is the tens digit of 23640591?
9
What is the tens digit of 356270?
7
What is the hundreds digit of 920593?
5
What is the thousands digit of 174490?
4
What is the tens digit of 464834?
3
What is the millions digit of 30246988?
0
What is the hundreds digit of 495020?
0
What is the ten thousands digit of 764670?
6
What is the hundred thousands digit of 617986?
6
What is the hundreds digit of 680801?
8
What is the hundreds digit of 2698445?
4
What is the ten thousands digit of 13887990?
8
What is the hundreds digit of 40719?
7
What is the hundreds digit of 168452?
4
What is the thousands digit of 5344457?
4
What is the tens digit of 146431?
3
What is the ten thousands digit of 128079?
2
What is the hundred thousands digit of 1048625?
0
What is the tens digit of 774477?
7
What is the hundred thousands digit of 1482633?
4
What is the hundreds digit of 4589628?
6
What is the units digit of 10781761?
1
What is the ten thousands digit of 184598?
8
What is the hundreds digit of 209983?
9
What is the hundreds digit of 1928934?
9
What is the ten thousands digit of 3398569?
9
What is the tens digit of 6920293?
9
What is the ten thousands digit of 508553?
0
What is the hundred thousands digit of 223854?
2
What is the units digit of 2532887?
7
What is the tens digit of 200198?
9
What is the units digit of 335676?
6
What is the hundreds digit of 1477261?
2
What is the ten thousands digit of 822720?
2
What is the thousands digit of 324386?
4
What is the ten thousands digit of 3751158?
5
What is the tens digit of 218336?
3
What is the thousands digit of 237820?
7
What is the ten millions digit of 11081262?
1
What is the hundred thousands digit of 462571?
4
What is the units digit of 735538?
8
What is the hundred thousands digit of 467162?
4
What is the thousands digit of 5100417?
0
What is the ten thousands digit of 3366398?
6
What is the units digit of 6700394?
4
What is the hundred thousands digit of 336181?
3
What is the units digit of 1292041?
1
What is the hundreds digit of 1672785?
7
What is the tens digit of 19670964?
6
What is the ten thousands digit of 7718003?
1
What is the hundreds digit of 5709293?
2
What is the thousands digit of 1786325?
6
What is the hundreds digit of 449493?
4
What is the hundred thousands digit of 466742?
4
What is the thousands digit of 603822?
3
What is the thousands digit of 121301?
1
What is the units digit of 5680302?
2
What is the units digit of 2838402?
2
What is the hundreds digit of 972945?
9
What is the units digit of 433523?
3
What is the hundred thousands digit of 240388?
2
What is the tens digit of 34835920?
2
What is the ten thousands digit of 691933?
9
What is the tens digit of 356606?
0
What is the ten thousands digit of 104929?
0
What is the units digit of 650303?
3
What is the thousands digit of 981013?
1
What is the units digit of 298645?
5
What is the hundreds digit of 1265044?
0
What is the ten thousands digit of 1329345?
2
What is the millions digit of 1124099?
1
What is the tens digit of 24805?
0
What is the tens digit of 197061?
6
What is the ten thousands digit of 361101?
6
What is the tens digit of 8262284?
8
What is the thousands digit of 5275254?
5
What is the tens digit of 6166903?
0
What is the ten thousands digit of 13460755?
6
What is the hundred thousands digit of 2196855?
1
What is the thousands digit of 2658767?
8
What is the hundreds digit of 4165624?
6
What is the tens digit of 11465274?
7
What is the hundreds digit of 927681?
6
What is the thousands digit of 678755?
8
What is the ten thousands digit of 41772?
4
What is the units digit of 8068826?
6
What is the tens digit of 289034?
3
What is the units digit of 2134842?
2
What is the hundreds digit of 2415914?
9
What is the hundred thousands digit of 3747806?
7
What is the thousands digit of 575227?
5
What is the tens digit of 8620?
2
What is the millions digit of 2438192?
2
What is the millions digit of 3138908?
3
What is the units digit of 328074?
4
What is the units digit of 2415768?
8
What is the hundred thousands digit of 3342411?
3
What is the tens digit of 18480293?
9
What is the ten thousands digit of 20418?
2
What is the hundreds digit of 10087574?
5
What is the ten thousands digit of 10757115?
5
What is the ten thousands digit of 94736?
9
What is the units digit of 5513686?
6
What is the hundred thousands digit of 196018?
1
What is the units digit of 8576532?
2
What is the tens digit of 485181?
8
What is the ten millions digit of 24955301?
2
What is the hundreds digit of 4414450?
4
What is the tens digit of 162183?
8
What is the ten thousands digit of 1027091?
2
What is the ten thousands digit of 4600739?
0
What is the thousands digit of 5038049?
8
What is the hundred thousands digit of 2592768?
5
What is the millions digit of 17357082?
7
What is the tens digit of 2878563?
6
What is the ten thousands digit of 328574?
2
What is